{"id":5,"date":"2016-06-02T12:54:28","date_gmt":"2016-06-02T12:54:28","guid":{"rendered":"http:\/\/demos.artbees.net\/jupiter5\/jovial\/?page_id=5"},"modified":"2021-11-08T16:55:00","modified_gmt":"2021-11-08T15:55:00","slug":"schulung-zur-naildesignerin","status":"publish","type":"page","link":"https:\/\/schulungen-naildesign.ch\/","title":{"rendered":"Home"},"content":{"rendered":"<div class=\"wpb-content-wrapper\">[mk_page_section bg_image=&#187;https:\/\/schulungen-naildesign.ch\/wp-content\/uploads\/2019\/02\/adobestock_14988579-1.jpeg&#187; bg_position=&#187;center top&#187; bg_repeat=&#187;no-repeat&#187; bg_stretch=&#187;true&#187; video_color_mask=&#187;rgba(34,34,34,0.3)&#187; video_opacity=&#187;1&#8243; full_height=&#187;true&#187; top_shape_color=&#187;#ffffff&#187; has_bottom_shape_divider=&#187;true&#187; bottom_shape_color=&#187;#ffffff&#187; sidebar=&#187;sidebar-1&#8243;][vc_column][mk_padding_divider visibility=&#187;visible-sm&#187;][mk_fancy_title tag_name=&#187;span&#187; color_style=&#187;gradient_color&#187; grandient_color_from=&#187;#ffffff&#187; grandient_color_to=&#187;#ffffff&#187; size=&#187;65&#8243; force_font_size=&#187;true&#187; size_tablet=&#187;40&#8243; size_phone=&#187;30&#8243; font_weight=&#187;bold&#187; txt_transform=&#187;none&#187; margin_bottom=&#187;30&#8243; font_family=&#187;Roboto&#187; font_type=&#187;google&#187; align=&#187;center&#187;]WERDE NAILDESIGNERIN![\/mk_fancy_title][\/vc_column][\/mk_page_section][mk_page_section bg_color=&#187;#222529&#8243; padding_top=&#187;140&#8243; padding_bottom=&#187;140&#8243; sidebar=&#187;sidebar-1&#8243;][vc_column][mk_padding_divider][mk_fancy_title tag_name=&#187;span&#187; color_style=&#187;gradient_color&#187; grandient_color_from=&#187;#ffffff&#187; grandient_color_to=&#187;#ffffff&#187; size=&#187;52&#8243; force_font_size=&#187;true&#187; size_tablet=&#187;40&#8243; size_phone=&#187;30&#8243; font_weight=&#187;bold&#187; txt_transform=&#187;none&#187; margin_bottom=&#187;30&#8243; font_family=&#187;Roboto&#187; font_type=&#187;google&#187; align=&#187;center&#187;]Ausbildung zur Naildesignerin[\/mk_fancy_title][vc_column_text align=&#187;center&#187; css=&#187;.vc_custom_1636382265205{margin-bottom: 0px !important;}&#187;]\n<div class=\"\" data-testid=\"message-field-item\">\n<div class=\"_3bvz\">\n<div class=\"_3bv-\">\n<div class=\"_844x _3qr2\">\n<div class=\"_5vz5 _4y_d _5yk1\" role=\"presentation\">\n<div class=\"_5yk2\" tabindex=\"-1\">\n<div class=\"_5rp7\">\n<div class=\"_5rpb\">\n<div class=\"notranslate _5rpu\" role=\"combobox\" contenteditable=\"true\" spellcheck=\"true\" aria-autocomplete=\"list\" aria-controls=\"js_gh\" aria-describedby=\"placeholder-cge41\" aria-expanded=\"false\" data-testid=\"message-field\">\n<div data-contents=\"true\">\n<div class=\"\" data-block=\"true\" data-editor=\"cge41\" data-offset-key=\"9ebhp-0-0\">\n<div class=\"_1mf _1mj\" data-offset-key=\"9ebhp-0-0\"><span data-offset-key=\"9ebhp-0-0\">Du m\u00f6chtest etwas machen, das dir wirklich Freude &amp; Erf\u00fcllung bringt? \ud83e\udd14\ud83d\ude45\u200d\u2640\ufe0f Dann schnapp dir jetzt noch Platz an den<\/span> Wochenend-Workshops f\u00fcr 980.- (alles inkl.)<\/div>\n<\/div>\n<div class=\"\" data-block=\"true\" data-editor=\"cge41\" data-offset-key=\"ddbd8-0-0\">\n<div class=\"_1mf _1mj\" data-offset-key=\"ddbd8-0-0\"><span data-offset-key=\"ddbd8-0-0\">\u00a0<\/span><\/div>\n<\/div>\n<div class=\"\" data-block=\"true\" data-editor=\"cge41\" data-offset-key=\"aad1r-0-0\">\n<div class=\"_1mf _1mj\" data-offset-key=\"aad1r-0-0\"><span data-offset-key=\"aad1r-0-0\">\u27a1\ufe0f 2 Tages-Workshop zur Naildesignerin <\/span>\u27a1\ufe0f Inkl. Zertifikat \u27a1\ufe0f Zugang zum Fachhandel \u27a1\ufe0f Kosteng\u00fcnstiges Grundset<\/div>\n<\/div>\n<\/div>\n<\/div>\n<\/div>\n<\/div>\n<\/div>\n<\/div>\n<\/div>\n<\/div>\n<\/div>\n<\/div>\n[\/vc_column_text][mk_padding_divider][vc_btn title=&#187;Mail schreiben&#187; align=&#187;center&#187; link=&#187;url:mailto%3Aolga.wildt%40gmx.ch|||&#187;][vc_btn title=&#187;anrufen&#187; align=&#187;center&#187; link=&#187;url:tel%3A0799582637|||&#187;][\/vc_column][\/mk_page_section][vc_row][vc_column width=&#187;1\/2&#8243;][mk_padding_divider][mk_fancy_title tag_name=&#187;h1&#8243; color=&#187;rgba(34,34,34,0.55)&#187; size=&#187;45&#8243; force_font_size=&#187;true&#187; size_tablet=&#187;40&#8243; font_weight=&#187;bold&#187; txt_transform=&#187;uppercase&#187; font_family=&#187;Roboto&#187; font_type=&#187;google&#187;]\n<h1 style=\"text-align: left;\">Schulung zur Naildesignerin<br \/>\nin St. Gallen<\/h1>\n[\/mk_fancy_title][vc_row_inner][vc_column_inner][mk_icon_box2 icon_size=&#187;32&#8243; icon=&#187;mk-li-money&#187; title=&#187;Preis 980.- alles inkl.&#187; title_size=&#187;15&#8243; align=&#187;left&#187;][\/mk_icon_box2][mk_icon_box2 icon_size=&#187;32&#8243; icon=&#187;mk-moon-clock-2&#8243; title=&#187;2-Tages Workshop&#187; title_size=&#187;15&#8243; align=&#187;left&#187;][\/mk_icon_box2][mk_icon_box2 icon_size=&#187;32&#8243; icon=&#187;mk-icon-file-o&#187; title=&#187;offizielles Zertifikat&#187; title_size=&#187;15&#8243; align=&#187;left&#187;][\/mk_icon_box2][mk_icon_box2 icon_size=&#187;32&#8243; icon=&#187;mk-li-users&#187; title=&#187;Max 2 Personen&#187; title_size=&#187;15&#8243; align=&#187;left&#187;][\/mk_icon_box2][\/vc_column_inner][\/vc_row_inner][mk_padding_divider][vc_gallery type=&#187;image_grid&#187; images=&#187;494&#8243; img_size=&#187;full&#187;][\/vc_column][vc_column width=&#187;1\/2&#8243;][mk_padding_divider][vc_single_image image=&#187;468&#8243; img_size=&#187;full&#187;][mk_fancy_title tag_name=&#187;span&#187; color=&#187;#222222&#8243; size=&#187;20&#8243; font_weight=&#187;300&#8243; txt_transform=&#187;capitalize&#187; margin_top=&#187;20&#8243; font_family=&#187;Arimo&#187; font_type=&#187;google&#187;]\n<p style=\"text-align: left;\">HAST AUCH DU SCHON DAVON GETR\u00c4UMT<br \/>\nSELBSTST\u00c4NDIG ZU SEIN?[\/mk_fancy_title][vc_column_text css=&#187;.vc_custom_1578571609984{margin-bottom: 0px !important;}&#187;]\n<p style=\"text-align: left;\">Hey! Mein Name ist Olga Wildt und ich bin seit Jahren Naildesignerin aus Leidenschaft! Ich arbeitete bei diversen namhaften Marken, bevor ich den Schritt in die Selbstst\u00e4ndigkeit gemacht habe. Neben der T\u00e4tigkeit in meinem Nagelstudio biete ich 2- Tages Schulungen an. In den Schulungen erh\u00e4ltst Du das KOMPLETTE Basis Grundwissen inkl. Zertifikat mit dem du anschliessend direkt anfangen kannst. Zudem biete ich Dir als unabh\u00e4ngige Unternehmerin den Zugang zu (fast) allen Fachh\u00e4ndlern in der Schweiz! Trag dich jetzt unverbindlich im Kontaktformular ein, um weitere Informationen zu erhalten.<\/p>\n[\/vc_column_text]\n<div class=\"wpcf7 no-js\" id=\"wpcf7-f552-o1\" lang=\"de-DE\" dir=\"ltr\" data-wpcf7-id=\"552\">\n<div class=\"screen-reader-response\"><p role=\"status\" aria-live=\"polite\" aria-atomic=\"true\"><\/p> <ul><\/ul><\/div>\n<form action=\"\/index.php?rest_route=%2Fwp%2Fv2%2Fpages%2F5#wpcf7-f552-o1\" method=\"post\" class=\"wpcf7-form init\" aria-label=\"Kontaktformular\" novalidate=\"novalidate\" data-status=\"init\">\n<fieldset class=\"hidden-fields-container\"><input type=\"hidden\" name=\"_wpcf7\" value=\"552\" \/><input type=\"hidden\" name=\"_wpcf7_version\" value=\"6.1\" \/><input type=\"hidden\" name=\"_wpcf7_locale\" value=\"de_DE\" \/><input type=\"hidden\" name=\"_wpcf7_unit_tag\" value=\"wpcf7-f552-o1\" \/><input type=\"hidden\" name=\"_wpcf7_container_post\" value=\"0\" \/><input type=\"hidden\" name=\"_wpcf7_posted_data_hash\" value=\"\" \/>\n<\/fieldset>\n<p><label> Dein Name (Pflichtfeld)<br \/>\n<span class=\"wpcf7-form-control-wrap\" data-name=\"your-name\"><input size=\"40\" maxlength=\"400\" class=\"wpcf7-form-control wpcf7-text wpcf7-validates-as-required\" aria-required=\"true\" aria-invalid=\"false\" value=\"\" type=\"text\" name=\"your-name\" \/><\/span> <\/label>\n<\/p>\n<p><label> Deine E-Mail-Adresse (Pflichtfeld)<br \/>\n<span class=\"wpcf7-form-control-wrap\" data-name=\"your-email\"><input size=\"40\" maxlength=\"400\" class=\"wpcf7-form-control wpcf7-email wpcf7-validates-as-required wpcf7-text wpcf7-validates-as-email\" aria-required=\"true\" aria-invalid=\"false\" value=\"\" type=\"email\" name=\"your-email\" \/><\/span> <\/label>\n<\/p>\n<p><label> Telefon (Pflichtfeld)<br \/>\n<span class=\"wpcf7-form-control-wrap\" data-name=\"your-subject\"><input size=\"40\" maxlength=\"400\" class=\"wpcf7-form-control wpcf7-text\" aria-invalid=\"false\" value=\"\" type=\"text\" name=\"your-subject\" \/><\/span> <\/label>\n<\/p>\n<p><input class=\"wpcf7-form-control wpcf7-submit has-spinner\" type=\"submit\" value=\"Senden\" \/>\n<\/p><div class=\"wpcf7-response-output\" aria-hidden=\"true\"><\/div>\n<\/form>\n<\/div>\n[\/vc_column][\/vc_row][mk_page_section][vc_column][mk_padding_divider][vc_separator border_width=&#187;3&#8243;][\/vc_column][\/mk_page_section][mk_page_section][vc_column width=&#187;1\/3&#8243;][mk_icon_box2 icon_size=&#187;32&#8243; icon=&#187;mk-moon-home-2&#8243; title=&#187;Zugang zum Fachhandel&#187; title_size=&#187;15&#8243;][\/mk_icon_box2][\/vc_column][vc_column width=&#187;1\/3&#8243;][mk_icon_box2 icon_size=&#187;32&#8243; icon=&#187;mk-icon-money&#187; title=&#187;Grundset kosteng\u00fcnstig&#187; title_size=&#187;15&#8243;][\/mk_icon_box2][\/vc_column][vc_column width=&#187;1\/3&#8243;][mk_icon_box2 icon_size=&#187;32&#8243; icon=&#187;mk-moon-lamp-3&#8243; title=&#187;Tipps &amp; Tricks vom Profi&#187; title_size=&#187;15&#8243;][\/mk_icon_box2][\/vc_column][\/mk_page_section][mk_page_section][vc_column][mk_padding_divider][vc_separator border_width=&#187;3&#8243;][\/vc_column][\/mk_page_section][vc_row fullwidth=&#187;true&#187; fullwidth_content=&#187;false&#187;][vc_column width=&#187;1\/2&#8243;][\/vc_column][\/vc_row][mk_page_section bg_color=&#187;#222529&#8243; padding_top=&#187;140&#8243; padding_bottom=&#187;140&#8243; sidebar=&#187;sidebar-1&#8243;][vc_column][mk_fancy_title tag_name=&#187;span&#187; color_style=&#187;gradient_color&#187; grandient_color_from=&#187;#ffffff&#187; grandient_color_to=&#187;#ffffff&#187; size=&#187;52&#8243; force_font_size=&#187;true&#187; size_tablet=&#187;40&#8243; size_phone=&#187;30&#8243; font_weight=&#187;bold&#187; txt_transform=&#187;none&#187; margin_bottom=&#187;30&#8243; font_family=&#187;Roboto&#187; font_type=&#187;google&#187; align=&#187;center&#187;]In 3 Schritten zu Deinem Kurstermin[\/mk_fancy_title][vc_row_inner][vc_column_inner width=&#187;1\/3&#8243;][mk_icon_box2 icon_size=&#187;48&#8243; icon=&#187;mk-icon-edit&#187; title=&#187;F\u00fclle das Kontaktformular aus&#187; title_size=&#187;22&#8243; description_color=&#187;rgba(255,255,255,0.7)&#187;]F\u00fclle das untenstehende Kontaktformular aus und verrate mir was Deine Ziele sind &amp; was du von der Schulung zur Naildesignerin erwartest. Gerne stehe ich Dir auch jederzeit zur Verf\u00fcgung f\u00fcr informative Ausk\u00fcnfte![\/mk_icon_box2][\/vc_column_inner][vc_column_inner width=&#187;1\/3&#8243;][mk_icon_box2 icon_size=&#187;48&#8243; icon=&#187;mk-icon-clipboard&#187; title=&#187;Erhalte deine pers\u00f6nliche Offerte&#187; title_size=&#187;22&#8243; description_color=&#187;rgba(255,255,255,0.7)&#187;]Unter Ber\u00fccksichtigung Deiner W\u00fcnsche sende ich Dir die zusammengestellten Schulungsinfos und eine Offerte zu: 100 % kostenlos und unverbindlich! Du stehst nach wie vor keineswegs unter Verpflichtung eines &#187;Kaufes&#187;.[\/mk_icon_box2][\/vc_column_inner][vc_column_inner width=&#187;1\/3&#8243;][mk_icon_box2 icon_size=&#187;48&#8243; icon=&#187;mk-icon-calendar&#187; title=&#187;Wir finden Dein zusammen Dein Wunschdatum&#187; description_color=&#187;rgba(255,255,255,0.7)&#187;]Es freut mich riesig, dass die Kursunterlagen Deinen Erwartungen entsprochen haben. Nun geht es darum einen f\u00fcr Dich passenden Termin zu finden. Ich freue mich Dich auf Deinem Weg zu begleiten &amp; zu unterst\u00fctzen![\/mk_icon_box2][\/vc_column_inner][\/vc_row_inner][mk_padding_divider][mk_padding_divider][mk_contact_form skin=&#187;light&#187; button_text=&#187;kostenlose Anfrage absenden&#187; email=&#187;olga.wildt@gmx.ch&#187; phone=&#187;true&#187; captcha=&#187;false&#187; gdpr_consent=&#187;false&#187;][\/vc_column][\/mk_page_section][vc_row][vc_column][mk_padding_divider size=&#187;120&#8243;][mk_fancy_title color=&#187;#222222&#8243; size=&#187;52&#8243; force_font_size=&#187;true&#187; size_tablet=&#187;40&#8243; size_phone=&#187;30&#8243; font_weight=&#187;bold&#187; txt_transform=&#187;capitalize&#187; font_family=&#187;Roboto&#187; font_type=&#187;google&#187; align=&#187;center&#187;]R\u00e4umlichkeiten &amp; Bilder[\/mk_fancy_title][vc_row_inner][vc_column_inner][vc_gallery type=&#187;image_grid&#187; images=&#187;483,480,475,473,476,482&#8243;][\/vc_column_inner][\/vc_row_inner][\/vc_column][\/vc_row][mk_page_section bg_color=&#187;#040404&#8243; padding_top=&#187;140&#8243; padding_bottom=&#187;140&#8243; sidebar=&#187;sidebar-1&#8243;][vc_column][vc_row_inner][vc_column_inner width=&#187;1\/2&#8243;][mk_fancy_title tag_name=&#187;span&#187; color_style=&#187;gradient_color&#187; grandient_color_from=&#187;#ffffff&#187; grandient_color_to=&#187;#ffffff&#187; size=&#187;52&#8243; force_font_size=&#187;true&#187; size_tablet=&#187;40&#8243; size_phone=&#187;30&#8243; font_weight=&#187;bold&#187; txt_transform=&#187;none&#187; margin_bottom=&#187;30&#8243; font_family=&#187;Roboto&#187; font_type=&#187;google&#187; align=&#187;center&#187;]F\u00fcr Verpflegung ist gesorgt[\/mk_fancy_title][mk_icon_box2 icon_size=&#187;48&#8243; icon=&#187;mk-icon-cutlery&#187; title_size=&#187;22&#8243; description_color=&#187;rgba(255,255,255,0.7)&#187;]Zusammen verbringen wir 2 intensive Kurstage in angenehmer &amp; lehrreichen Athmosph\u00e4re. Nach dem Workshop sollst Du ger\u00fcstet sein f\u00fcr den Start in Deinen neuen Neben- oder Haupterwerb. Da ist nat\u00fcrlich Hunger &amp; Durst ein schlechter Begleiter! \ud83d\ude09<\/p>\n<p>Die komplette Verpflegung ist im Preis enthalten.[\/mk_icon_box2][\/vc_column_inner][vc_column_inner width=&#187;1\/2&#8243;][mk_image src=&#187;https:\/\/schulungen-naildesign.ch\/wp-content\/uploads\/2019\/01\/olga.jpg&#187; image_size=&#187;full&#187;][\/vc_column_inner][\/vc_row_inner][\/vc_column][\/mk_page_section][vc_row][vc_column][mk_padding_divider][mk_fancy_title color=&#187;#222222&#8243; size=&#187;52&#8243; force_font_size=&#187;true&#187; size_tablet=&#187;40&#8243; size_phone=&#187;30&#8243; font_weight=&#187;bold&#187; txt_transform=&#187;none&#187; font_family=&#187;Roboto&#187; font_type=&#187;google&#187; align=&#187;center&#187;]Wo der Kurs stattfindet[\/mk_fancy_title][vc_gmaps link=&#187;#E-8_JTNDaWZyYW1lJTIwc3JjJTNEJTIyaHR0cHMlM0ElMkYlMkZ3d3cuZ29vZ2xlLmNvbSUyRm1hcHMlMkZlbWJlZCUzRnBiJTNEJTIxMW0xNCUyMTFtOCUyMTFtMyUyMTFkMTA4MDAuMTAyODM2NjYzMDEzJTIxMmQ5LjMzNTYwMDklMjEzZDQ3LjQxMTQzOTclMjEzbTIlMjExaTEwMjQlMjEyaTc2OCUyMTRmMTMuMSUyMTNtMyUyMTFtMiUyMTFzMHgwJTI1M0EweDk3OTg1ZjBkZDY3ZGMyMTYlMjEyc0Flc3RoZXRpY2ElMkJiZWF1dHklMkIlMjUyNiUyQmJhbGFuY2UlMkJHbWJIJTJCJTI1N0MlMkJIYWFyZW50ZmVybnVuZyUyMTVlMCUyMTNtMiUyMTFzZGUlMjEyc2NoJTIxNHYxNTUxMTY4MTQzMTA4JTIyJTIwd2lkdGglM0QlMjI2MDAlMjIlMjBoZWlnaHQlM0QlMjI0NTAlMjIlMjBmcmFtZWJvcmRlciUzRCUyMjAlMjIlMjBzdHlsZSUzRCUyMmJvcmRlciUzQTAlMjIlMjBhbGxvd2Z1bGxzY3JlZW4lM0UlM0MlMkZpZnJhbWUlM0U=&#187; title=&#187;Beauty &amp; Balance House, Haggenstrasse 3, 9014 St. Gallen&#187;][\/vc_column][\/vc_row][mk_page_section bg_color=&#187;#222529&#8243; padding_top=&#187;140&#8243; padding_bottom=&#187;140&#8243; sidebar=&#187;sidebar-1&#8243;][vc_column][mk_fancy_title tag_name=&#187;span&#187; color_style=&#187;gradient_color&#187; grandient_color_from=&#187;#ffffff&#187; grandient_color_to=&#187;#ffffff&#187; size=&#187;52&#8243; force_font_size=&#187;true&#187; size_tablet=&#187;40&#8243; size_phone=&#187;30&#8243; font_weight=&#187;bold&#187; txt_transform=&#187;none&#187; margin_bottom=&#187;30&#8243; font_family=&#187;Roboto&#187; font_type=&#187;google&#187; align=&#187;center&#187;]\n<p style=\"text-align: center;\">noch Fragen?<\/p>\n[\/mk_fancy_title][mk_padding_divider][mk_contact_form skin=&#187;light&#187; button_text=&#187;kostenlose Anfrage absenden&#187; email=&#187;olga.wildt@gmx.ch&#187; phone=&#187;true&#187; captcha=&#187;false&#187; gdpr_consent=&#187;false&#187;][\/vc_column][\/mk_page_section][vc_row][vc_column][mk_padding_divider size=&#187;120&#8243;][mk_fancy_title color=&#187;#222222&#8243; size=&#187;52&#8243; force_font_size=&#187;true&#187; size_tablet=&#187;40&#8243; size_phone=&#187;30&#8243; font_weight=&#187;bold&#187; txt_transform=&#187;none&#187; font_family=&#187;Roboto&#187; font_type=&#187;google&#187; align=&#187;center&#187;]Hier noch ein par Arbeiten zur Inspiration[\/mk_fancy_title][vc_row_inner][vc_column_inner][vc_gallery type=&#187;image_grid&#187; images=&#187;515,516,517,518,520,521&#8243;][\/vc_column_inner][\/vc_row_inner][\/vc_column][\/vc_row]\n<\/div>","protected":false},"excerpt":{"rendered":"<p>[mk_page_section bg_image=&#187;https:\/\/schulungen-naildesign.ch\/wp-content\/uploads\/2019\/02\/adobestock_14988579-1.jpeg&#187; bg_position=&#187;center top&#187; bg_repeat=&#187;no-repeat&#187; bg_stretch=&#187;true&#187; video_color_mask=&#187;rgba(34,34,34,0.3)&#187; video_opacity=&#187;1&#8243; full_height=&#187;true&#187; top_shape_color=&#187;#ffffff&#187; has_bottom_shape_divider=&#187;true&#187; bottom_shape_color=&#187;#ffffff&#187; sidebar=&#187;sidebar-1&#8243;][vc_column][mk_padding_divider visibility=&#187;visible-sm&#187;][mk_fancy_title tag_name=&#187;span&#187; color_style=&#187;gradient_color&#187; grandient_color_from=&#187;#ffffff&#187; grandient_color_to=&#187;#ffffff&#187; size=&#187;65&#8243; force_font_size=&#187;true&#187; size_tablet=&#187;40&#8243; size_phone=&#187;30&#8243; font_weight=&#187;bold&#187; txt_transform=&#187;none&#187; margin_bottom=&#187;30&#8243; font_family=&#187;Roboto&#187; font_type=&#187;google&#187; align=&#187;center&#187;]WERDE NAILDESIGNERIN![\/mk_fancy_title][\/vc_column][\/mk_page_section][mk_page_section bg_color=&#187;#222529&#8243; padding_top=&#187;140&#8243; padding_bottom=&#187;140&#8243; sidebar=&#187;sidebar-1&#8243;][vc_column][mk_padding_divider][mk_fancy_title tag_name=&#187;span&#187; color_style=&#187;gradient_color&#187; grandient_color_from=&#187;#ffffff&#187; grandient_color_to=&#187;#ffffff&#187; size=&#187;52&#8243; force_font_size=&#187;true&#187; size_tablet=&#187;40&#8243; size_phone=&#187;30&#8243; font_weight=&#187;bold&#187; txt_transform=&#187;none&#187; margin_bottom=&#187;30&#8243; font_family=&#187;Roboto&#187; font_type=&#187;google&#187; align=&#187;center&#187;]Ausbildung zur Naildesignerin[\/mk_fancy_title][vc_column_text align=&#187;center&#187; css=&#187;.vc_custom_1636382265205{margin-bottom: 0px !important;}&#187;] Du m\u00f6chtest [&hellip;]<\/p>\n","protected":false},"author":1,"featured_media":0,"parent":0,"menu_order":0,"comment_status":"closed","ping_status":"closed","template":"","meta":{"footnotes":""},"class_list":["post-5","page","type-page","status-publish","hentry"],"yoast_head":"<!-- This site is optimized with the Yoast SEO plugin v25.5 - https:\/\/yoast.com\/wordpress\/plugins\/seo\/ -->\n<title>Schulung f\u00fcr Naildesign in St. Gallen (Workshop) inkl. Zertifikat<\/title>\n<meta name=\"description\" content=\"Werde Naildesignerin in St. Gallen. 2 Tages-Workshop inkl. Zertifikat und direktem Zugang zum Fachhandel. Frage Deinen individuellen Kurstermin an.\" \/>\n<meta name=\"robots\" content=\"index, follow, max-snippet:-1, max-image-preview:large, max-video-preview:-1\" \/>\n<link rel=\"canonical\" href=\"https:\/\/schulungen-naildesign.ch\/\" \/>\n<meta property=\"og:locale\" content=\"de_DE\" \/>\n<meta property=\"og:type\" content=\"article\" \/>\n<meta property=\"og:title\" content=\"Schulung f\u00fcr Naildesign in St. Gallen (Workshop) inkl. Zertifikat\" \/>\n<meta property=\"og:description\" content=\"Werde Naildesignerin in St. Gallen. 2 Tages-Workshop inkl. Zertifikat und direktem Zugang zum Fachhandel. Frage Deinen individuellen Kurstermin an.\" \/>\n<meta property=\"og:url\" content=\"https:\/\/schulungen-naildesign.ch\/\" \/>\n<meta property=\"og:site_name\" content=\"Schulungen f\u00fcr Naildesign\" \/>\n<meta property=\"article:modified_time\" content=\"2021-11-08T15:55:00+00:00\" \/>\n<meta name=\"twitter:card\" content=\"summary_large_image\" \/>\n<meta name=\"twitter:label1\" content=\"Gesch\u00e4tzte Lesezeit\" \/>\n\t<meta name=\"twitter:data1\" content=\"7\u00a0Minuten\" \/>\n<script type=\"application\/ld+json\" class=\"yoast-schema-graph\">{\"@context\":\"https:\/\/schema.org\",\"@graph\":[{\"@type\":\"WebPage\",\"@id\":\"https:\/\/schulungen-naildesign.ch\/\",\"url\":\"https:\/\/schulungen-naildesign.ch\/\",\"name\":\"Schulung f\u00fcr Naildesign in St. Gallen (Workshop) inkl. Zertifikat\",\"isPartOf\":{\"@id\":\"https:\/\/schulungen-naildesign.ch\/#website\"},\"datePublished\":\"2016-06-02T12:54:28+00:00\",\"dateModified\":\"2021-11-08T15:55:00+00:00\",\"description\":\"Werde Naildesignerin in St. Gallen. 2 Tages-Workshop inkl. Zertifikat und direktem Zugang zum Fachhandel. Frage Deinen individuellen Kurstermin an.\",\"breadcrumb\":{\"@id\":\"https:\/\/schulungen-naildesign.ch\/#breadcrumb\"},\"inLanguage\":\"de-CH\",\"potentialAction\":[{\"@type\":\"ReadAction\",\"target\":[\"https:\/\/schulungen-naildesign.ch\/\"]}]},{\"@type\":\"BreadcrumbList\",\"@id\":\"https:\/\/schulungen-naildesign.ch\/#breadcrumb\",\"itemListElement\":[{\"@type\":\"ListItem\",\"position\":1,\"name\":\"Startseite\",\"item\":\"https:\/\/schulungen-naildesign.ch\/\"},{\"@type\":\"ListItem\",\"position\":2,\"name\":\"Home\"}]},{\"@type\":\"WebSite\",\"@id\":\"https:\/\/schulungen-naildesign.ch\/#website\",\"url\":\"https:\/\/schulungen-naildesign.ch\/\",\"name\":\"Schulungen f\u00fcr Naildesign\",\"description\":\"2-Tages Ausbildung zur Naildesignerin in St. Gallen\",\"potentialAction\":[{\"@type\":\"SearchAction\",\"target\":{\"@type\":\"EntryPoint\",\"urlTemplate\":\"https:\/\/schulungen-naildesign.ch\/?s={search_term_string}\"},\"query-input\":{\"@type\":\"PropertyValueSpecification\",\"valueRequired\":true,\"valueName\":\"search_term_string\"}}],\"inLanguage\":\"de-CH\"}]}<\/script>\n<!-- \/ Yoast SEO plugin. -->","yoast_head_json":{"title":"Schulung f\u00fcr Naildesign in St. Gallen (Workshop) inkl. Zertifikat","description":"Werde Naildesignerin in St. Gallen. 2 Tages-Workshop inkl. Zertifikat und direktem Zugang zum Fachhandel. Frage Deinen individuellen Kurstermin an.","robots":{"index":"index","follow":"follow","max-snippet":"max-snippet:-1","max-image-preview":"max-image-preview:large","max-video-preview":"max-video-preview:-1"},"canonical":"https:\/\/schulungen-naildesign.ch\/","og_locale":"de_DE","og_type":"article","og_title":"Schulung f\u00fcr Naildesign in St. Gallen (Workshop) inkl. Zertifikat","og_description":"Werde Naildesignerin in St. Gallen. 2 Tages-Workshop inkl. Zertifikat und direktem Zugang zum Fachhandel. Frage Deinen individuellen Kurstermin an.","og_url":"https:\/\/schulungen-naildesign.ch\/","og_site_name":"Schulungen f\u00fcr Naildesign","article_modified_time":"2021-11-08T15:55:00+00:00","twitter_card":"summary_large_image","twitter_misc":{"Gesch\u00e4tzte Lesezeit":"7\u00a0Minuten"},"schema":{"@context":"https:\/\/schema.org","@graph":[{"@type":"WebPage","@id":"https:\/\/schulungen-naildesign.ch\/","url":"https:\/\/schulungen-naildesign.ch\/","name":"Schulung f\u00fcr Naildesign in St. Gallen (Workshop) inkl. Zertifikat","isPartOf":{"@id":"https:\/\/schulungen-naildesign.ch\/#website"},"datePublished":"2016-06-02T12:54:28+00:00","dateModified":"2021-11-08T15:55:00+00:00","description":"Werde Naildesignerin in St. Gallen. 2 Tages-Workshop inkl. Zertifikat und direktem Zugang zum Fachhandel. Frage Deinen individuellen Kurstermin an.","breadcrumb":{"@id":"https:\/\/schulungen-naildesign.ch\/#breadcrumb"},"inLanguage":"de-CH","potentialAction":[{"@type":"ReadAction","target":["https:\/\/schulungen-naildesign.ch\/"]}]},{"@type":"BreadcrumbList","@id":"https:\/\/schulungen-naildesign.ch\/#breadcrumb","itemListElement":[{"@type":"ListItem","position":1,"name":"Startseite","item":"https:\/\/schulungen-naildesign.ch\/"},{"@type":"ListItem","position":2,"name":"Home"}]},{"@type":"WebSite","@id":"https:\/\/schulungen-naildesign.ch\/#website","url":"https:\/\/schulungen-naildesign.ch\/","name":"Schulungen f\u00fcr Naildesign","description":"2-Tages Ausbildung zur Naildesignerin in St. Gallen","potentialAction":[{"@type":"SearchAction","target":{"@type":"EntryPoint","urlTemplate":"https:\/\/schulungen-naildesign.ch\/?s={search_term_string}"},"query-input":{"@type":"PropertyValueSpecification","valueRequired":true,"valueName":"search_term_string"}}],"inLanguage":"de-CH"}]}},"_links":{"self":[{"href":"https:\/\/schulungen-naildesign.ch\/index.php?rest_route=\/wp\/v2\/pages\/5","targetHints":{"allow":["GET"]}}],"collection":[{"href":"https:\/\/schulungen-naildesign.ch\/index.php?rest_route=\/wp\/v2\/pages"}],"about":[{"href":"https:\/\/schulungen-naildesign.ch\/index.php?rest_route=\/wp\/v2\/types\/page"}],"author":[{"embeddable":true,"href":"https:\/\/schulungen-naildesign.ch\/index.php?rest_route=\/wp\/v2\/users\/1"}],"replies":[{"embeddable":true,"href":"https:\/\/schulungen-naildesign.ch\/index.php?rest_route=%2Fwp%2Fv2%2Fcomments&post=5"}],"version-history":[{"count":56,"href":"https:\/\/schulungen-naildesign.ch\/index.php?rest_route=\/wp\/v2\/pages\/5\/revisions"}],"predecessor-version":[{"id":579,"href":"https:\/\/schulungen-naildesign.ch\/index.php?rest_route=\/wp\/v2\/pages\/5\/revisions\/579"}],"wp:attachment":[{"href":"https:\/\/schulungen-naildesign.ch\/index.php?rest_route=%2Fwp%2Fv2%2Fmedia&parent=5"}],"curies":[{"name":"wp","href":"https:\/\/api.w.org\/{rel}","templated":true}]}}